ided by 6?
5
What is the remainder when 1272 is divided by 323?
303
What is the remainder when 860 is divided by 123?
122
Calculate the remainder when 133 is divided by 48.
37
Calculate the remainder when 443 is divided by 113.
104
Calculate the remainder when 192 is divided by 92.
8
What is the remainder when 403 is divided by 196?
11
What is the remainder when 3763 is divided by 4?
3
What is the remainder when 399 is divided by 399?
0
What is the remainder when 1571 is divided by 19?
13
What is the remainder when 465 is divided by 20?
5
What is the remainder when 119 is divided by 27?
11
Calculate the remainder when 110 is divided by 34.
8
Calculate the remainder when 1017 is divided by 97.
47
Calculate the remainder when 74 is divided by 7.
4
Calculate the remainder when 26889 is divided by 27.
24
Calculate the remainder when 84 is divided by 9.
3
Calculate the remainder when 71 is divided by 36.
35
Calculate the remainder when 1118 is divided by 27.
11
What is the remainder when 2599 is divided by 9?
7
Calculate the remainder when 629 is divided by 13.
5
What is the remainder when 238 is divided by 81?
76
Calculate the remainder when 700 is divided by 27.
25
What is the remainder when 424 is divided by 206?
12
What is the remainder when 537 is divided by 17?
10
What is the remainder when 221 is divided by 71?
8
What is the remainder when 255 is divided by 160?
95
Calculate the remainder when 1023 is divided by 182.
113
What is the remainder when 56 is divided by 16?
8
Calculate the remainder when 69 is divided by 66.
3
Calculate the remainder when 323 is divided by 25.
23
Calculate the remainder when 2994 is divided by 3.
0
Calculate the remainder when 1572 is divided by 28.
4
What is the remainder when 28 is divided by 15?
13
What is the remainder when 336 is divided by 4?
0
What is the remainder when 172 is divided by 35?
32
Calculate the remainder when 209 is divided by 9.
2
What is the remainder when 478 is divided by 15?
13
What is the remainder when 1430 is divided by 1?
0
What is the remainder when 43 is divided by 13?
4
Calculate the remainder when 5542 is divided by 14.
12
What is the remainder when 180 is divided by 14?
12
What is the remainder when 290 is divided by 27?
20
What is the remainder when 1295 is divided by 52?
47
Calculate the remainder when 558 is divided by 17.
14
What is the remainder when 252 is divided by 51?
48
Calculate the remainder when 432 is divided by 183.
66
Calculate the remainder when 5612 is divided by 14.
12
What is the remainder when 59 is divided by 31?
28
Calculate the remainder when 200 is divided by 67.
66
Calculate the remainder when 92 is divided by 19.
16
Calculate the remainder when 1376 is divided by 1371.
5
Calculate the remainder when 880 is divided by 15.
10
What is the remainder when 964 is divided by 88?
84
Calculate the remainder when 23307 is divided by 11.
9
Calculate the remainder when 2801 is divided by 404.
377
What is the remainder when 1254 is divided by 384?
102
Calculate the remainder when 396 is divided by 68.
56
Calculate the remainder when 533 is divided by 20.
13
What is the remainder when 2666 is divided by 243?
236
Calculate the remainder when 329 is divided by 33.
32
What is the remainder when 150 is divided by 78?
72
Calculate the remainder when 37 is divided by 23.
14
What is the remainder when 365 is divided by 32?
13
Calculate the remainder when 41 is divided by 23.
18
What is the remainder when 639 is divided by 17?
10
What is the remainder when 1674 is divided by 208?
10
What is the remainder when 177 is divided by 49?
30
What is the remainder when 182 is divided by 86?
10
What is the remainder when 2678 is divided by 9?
5
What is the remainder when 1086 is divided by 72?
6
Calculate the remainder when 31302 is divided by 56.
54
Calculate the remainder when 20646 is divided by 15.
6
Calculate the remainder when 18847 is divided by 13.
10
Calculate the remainder when 109 is divided by 15.
4
Calculate the remainder when 162 is divided by 17.
9
What is the remainder when 747 is divided by 22?
21
Calculate the remainder when 4875 is divided by 1606.
57
What is the remainder when 203 is divided by 76?
51
Calculate the remainder when 10617 is divided by 19.
15
What is the remainder when 1482 is divided by 33?
30
What is the remainder when 26 is divided by 11?
4
Calculate the remainder when 100 is divided by 27.
19
Calculate the remainder when 219 is divided by 28.
23
Calculate the remainder when 188 is divided by 19.
17
Calculate the remainder when 113 is divided by 74.
39
Calculate the remainder when 1523 is divided by 168.
11
Calculate the remainder when 388 is divided by 26.
24
Calculate the remainder when 349 is divided by 163.
23
Calculate the remainder when 294 is divided by 91.
21
What is the remainder when 146 is divided by 38?
32
Calculate the remainder when 1239 is divided by 17.
15
Calculate the remainder when 481 is divided by 237.
7
Calculate the remainder when 106 is divided by 11.
7
Calculate the remainder when 422 is divided by 368.
54
What is the remainder when 315 is divided by 116?
83
What is the remainder when 402 is divided by 160?
82
Calculate the remainder when 2510 is divided by 30.
20
Calculate the remainder when 415 is divided by 16.
15
What is the remainder when 609 is divided by 103?
94
Calculate the remainder when 306 is divided by 43.
5
What is the remainder when 12661 is divided by 201?
199
What is the remainder when 3055 is divided by 139?
136
Calculate the remainder when 67 is divided by 41.
26
What is the remainder when 5619 is divided by 77?
75
Calculate the remainder when 216 is divided by 13.
8
What is the remainder when 350 is divided by 309?
41
Calculate the remainder when 3579 is divided by 18.
15
Calculate the remainder when 7558 is divided by 210.
208
What is the remainder when 388 is divided by 120?
28
Calculate the remainder when 95 is divided by 24.
23
What is the remainder when 134 is divided by 38?
20
Calculate the remainder when 1825 is divided by 308.
285
What is the remainder when 1782 is divided by 581?
39
Calculate the remainder when 179 is divided by 7.
4
Calculate the remainder when 204 is divided by 40.
4
Calculate the remainder when 1001 is divided by 6.
5
Calculate the remainder when 13 is divided by 7.
6
Calculate the remainder when 971 is divided by 7.
5
What is the remainder when 1065 is divided by 11?
9
Calculate the remainder when 568 is divided by 28.
8
What is the remainder when 2243 is divided by 42?
17
Calculate the remainder when 404 is divided by 137.
130
What is the remainder when 82 is divided by 6?
4
What is the remainder when 56 is divided by 26?
4
Calculate the remainder when 58 is divided by 1.
0
What is the remainder when 734 is divided by 660?
74
What is the remainder when 1443 is divided by 1432?
11
What is the remainder when 651 is divided by 12?
3
Calculate the remainder when 335 is divided by 47.
6
Calculate the remainder when 82 is divided by 39.
4
What is the remainder when 4471 is divided by 71?
69
What is the remainder when 436 is divided by 110?
106
Calculate the remainder when 187 is divided by 8.
3
What is the remainder when 2827 is divided by 34?
5
Calculate the remainder when 1132 is divided by 562.
8
What is the remainder when 16304 is divided by 15?
14
Calculate the remainder when 103 is divided by 12.
7
Calculate the remainder when 29 is divided by 19.
10
What is the remainder when 1735 is divided by 124?
123
What is the remainder when 3630 is divided by 51?
9
What is the remainder when 3494 is divided by 1747?
0
Calculate the remainder when 2298 is divided by 328.
2
Calculate the remainder when 1911 is divided by 25.
11
What is the remainder when 652 is divided by 167?
151
What is the remainder when 190 is divided by 25?
15
Calculate the remainder when 47 is divided by 8.
7
What is the remainder when 110 is divided by 36?
2
Calculate the remainder when 726 is divided by 234.
24
Calculate the remainder when 87 is divided by 83.
4
Calculate the remainder when 491 is divided by 137.
80
What is the remainder when 1228 is divided by 27?
13
What is the remainder when 503 is divided by 125?
3
What is the remainder when 223 is divided by 37?
1
Calculate the remainder when 24 is di